2*s, -2*y + d = 2*s. Let w = -21 + y. Calculate the remainder when w is divided by 6.
3
Let w be 8 + (-3 + -3)/2. Suppose -w*y + 68 = 3. Calculate the remainder when 50 is divided by y.
11
Suppose 6*u = 2*u + 2*g + 118, 2*u + 2*g = 56. Let s = 43 - u. Suppose f - 20 = 7. Calculate the remainder when f is divided by s.
13
Suppose 4*v + 5 = 97. What is the remainder when 199 is divided by v?
15
Suppose 2*s - 90 = -3*s. What is the remainder when (34/(-6))/((-9)/108) is divided by s?
14
Let g(r) = r + 14. Let k be g(-13). Let i be (-424)/12 - k/(-3). Let d = i - -57. What is the remainder when 41 is divided by d?
19
Suppose 17*s - 16*s - 2 = 0. Suppose -s*o = -l - 10, -l - 1 = 3*o - 16. Calculate the remainder when o is divided by 4.
1
Let q = 573 - 257. Calculate the remainder when q is divided by 20.
16
Let c(a) = a**2 + 31*a + 128. Calculate the remainder when 48 is divided by c(-27).
8
Let l = -15 + 55. What is the remainder when 54 is divided by l?
14
Let p = 132 + -91. Calculate the remainder when 491 is divided by p.
40
Let w be 18*(-4)/(-8) + -3. Suppose -3*d + 364 = i, 4*i - w*i - 256 = -2*d. Calculate the remainder when d is divided by 21.
18
Let y = -400 - -480. Calculate the remainder when y is divided by 18.
8
Suppose -62*b = -37*b - 350. Calculate the remainder when 223 is divided by b.
13
Suppose -91 = 2*i - 6*i - 5*p, 0 = 3*i - 2*p - 51. What is the remainder when 38 is divided by i?
0
Suppose 2*d + 4*h - 160 = 32, 0 = 5*d - 2*h - 540. Calculate the remainder when d is divided by 24.
10
Suppose 4*u + u = -15, -t + 5*u = -20. Let f be (-22)/(-77) - 2/7. Suppose -2*v - 3 = -3*v - x, f = -x - 1. What is the remainder when t is divided by v?
1
Let l = 25 + 11. Let d(c) = -c**2 - 5*c - 3. Let x be d(-5). Calculate the remainder when l is divided by 395/20 + x/4.
17
Let m = -186 + 244. Calculate the remainder when 165 is divided by m.
49
Suppose -3*m = -125 + 101. Suppose -2*c + 6 = 3*f - 10, -5*f - 6 = c. What is the remainder when c is divided by m?
6
Suppose 3*n = -27 + 210. What is the remainder when n is divided by (56/10)/(-4)*-5?
5
Let x = -406 - -456. What is the remainder when 91 is divided by x?
41
Let k(z) = -z**3 - 12*z**2 - z - 15. Let g be k(-12). Calculate the remainder when g/2*684/(-54) is divided by 5.
4
Let n = 930 - 201. Calculate the remainder when n is divided by 73.
72
Let h = 789 + -489. Let y = 21 + h. What is the remainder when y is divided by 46?
45
Let i be (5*2)/(18/45). Let a = 41 + i. Calculate the remainder when a is divided by 14.
10
Suppose -3*i + 95 = -37. Calculate the remainder when 173 is divided by i.
41
Suppose 89*x - 99*x = -160. What is the remainder when 89 is divided by x?
9
Let r(u) = -8*u - 9. Let t(s) = -6*s + 8. Let q be t(2). Let l = -142 + 210. Calculate the remainder when l is divided by r(q).
22
Let v = 1199 - 1118. Calculate the remainder when v is divided by 62.
19
Suppose -30*g + 917 = 47. Calculate the remainder when 59 is divided by g.
1
What is the remainder when 284 + 3 + (-3)/(-2)*-2 is divided by 13?
11
Suppose 0 = 16*m - 21*m + 3*l + 1014, 5*m = 4*l + 1017. What is the remainder when m is divided by 64?
9
What is the remainder when (10 - 6)/(-4) + 26 is divided by 9?
7
Suppose -a - 2 + 0 = 0. Let k = 0 + a. What is the remainder when (-128)/(-24) - k/3 is divided by 2?
0
Let n = 143 + -77. Calculate the remainder when n is divided by 0 + 28 - (-1 + 6)*(-93)/(-155).
16
Let i = 119 - 79. Suppose -5*s - 5*t = -i, 2*t = -s - 5 + 14. Calculate the remainder when 40 is divided by s.
5
Let m = 548 - 355. Suppose -m = -5*q - 38. Calculate the remainder when q is divided by 8.
7
Suppose 2*i + 0*o - 45 = o, -20 = -4*o. Let s = 6 + 43. What is the remainder when s is divided by i?
24
Let y(j) = -j**3 + 11*j + 0 - 20 - 6*j**2 - 8*j**2. What is the remainder when 118 is divided by y(-15)?
38
Let p(j) = 17*j**2 - 134*j + 12. What is the remainder when 142 is divided by p(8)?
2
Suppose 0 = -4*a + 2*a + 96. Suppose -2*p = -4*i - a, 5*p + i - 69 - 51 = 0. Calculate the remainder when 69 is divided by p.
21
Suppose -2*a - 28 = -3*t, 2*a + 0*a = t - 12. What is the remainder when 13 is divided by t?
5
Suppose o = -o + 22. Suppose 2*x = -3 - o. Let q(c) = -c + 2. Calculate the remainder when 17 is divided by q(x).
8
Let w(p) = 3*p**2 + 10*p - 5. Calculate the remainder when w(4) is divided by 14.
13
Let r(b) = 27*b - 9. Calculate the remainder when r(2) is divided by (5 + -3)*-1 + 14.
9
Let z = 5 + 9. Let t = 56 + z. Calculate the remainder when t is divided by 24.
22
Let r be 5 + 1*(3 + -4). Calculate the remainder when 45 is divided by ((-36)/21)/(r/(-28)).
9
Let i(n) be the first derivative of n**4/4 + 13*n**3/3 - n**2 - 9*n - 2. Let c = -78 + 65. What is the remainder when 50 is divided by i(c)?
16
Let t(q) = q**2 - 4*q - 1. Let p be t(-1). Suppose -p*c - 2*f + 92 = 2*f, f - 75 = -3*c. What is the remainder when c is divided by 5?
1
Suppose -678 = 43*f - 3903. What is the remainder when 156 is divided by f?
6
Let n(g) = -g**3 + 5*g**2 + 8*g - 2. What is the remainder when n(6) is divided by (-5)/2*(-24)/15?
2
Let l(x) = x**3 - 4*x**2 + 4*x - 5. Calculate the remainder when 29 is divided by l(4).
7
Let x(z) = z**3 + 8*z**2 + 7*z + 8. Let c be x(-6). Let o = -24 + c. Calculate the remainder when o is divided by 4.
2
What is the remainder when 38/(-4)*84/(-6) is divided by 59?
15
Let g = -730 + 847. Calculate the remainder when g is divided by 58.
1
Let t(k) = k**3 - 6*k**2 + 6*k + 1. Let f be t(5). What is the remainder when (4/(-10))/(f/(-1230)*1) is divided by 28?
26
Let r(q) = -92*q + 703. What is the remainder when 169 is divided by r(7)?
51
Let g be (-3)/4 + (-81)/(-12). Calculate the remainder when 34 is divided by g*(-4)/((-24)/10).
4
Let d = 59 - 103. Let j = d - -76. Suppose -14 = -2*v + 8. Calculate the remainder when j is divided by v.
10
Let v(x) = 2*x**3 + 13*x**2 + 2*x - 20. Calculate the remainder when 4 is divided by v(-6).
0
Let w = 20 + -34. Let l = -1 + w. Let x = l + 26. What is the remainder when 31 is divided by x?
9
Suppose -5*f + 3*k - 17 = -72, -5*k = 5*f - 15. Calculate the remainder when 25 is divided by f.
1
Let d = -38 + 12. Let z = d - -57. Suppose 1 = -x + z. Calculate the remainder when x is divided by 16.
14
Let i = 18 + -14. Let m be (4/i)/1*1. Suppose a - 4 + m = 0. Calculate the remainder when 5 is divided by a.
2
Suppose g - 1 - 19 = 0. Let c(u) = 20*u - 3. What is the remainder when c(2) is divided by g?
17
What is the remainder when ((-20)/(-25))/(20/4200) is divided by 53?
9
Suppose 6 + 14 = 2*h. Suppose -142 = -4*l - 2*k, -5*k = -l + h + 9. Calculate the remainder when 135 is divided by l.
33
Suppose -1469 = 2*v - i + 995, -2464 = 2*v + 2*i. Suppose 37*u = 34*u + 27. Calculate the remainder when 2/(-9) - v/36 is divided by u.
7
Suppose -2*f - 5*v = 2*f, -16 = 4*v. What is the remainder when ((3 + -4)*74)/(-2) is divided by (-82)/(-4) - f/10?
17
Let r be -8*(-2)/4 - 4. Suppose 4*a - a + l - 126 = r, 4*a - 2*l - 168 = 0. What is the remainder when 251 is divided by a?
41
Let w = 1 + 19. Suppose 3*t - w = -2*t. Suppose -6*n - 4*o + 265 = -n, -t*n - o + 212 = 0. What is the remainder when n is divided by 14?
11
Calculate the remainder when 3 - 5/2 - (-1506)/4 is divided by 19.
16
Let o = 31 - 14. Let w be (-14 + 20)/((-3)/2). What is the remainder when ((-19)/3 - w)*-21 is divided by o?
15
Let m(v) = 5*v**2 + 2*v - 3. Let r(o) = -o**2 + 14*o + 36. Calculate the remainder when r(9) is divided by m(2).
18
Let l = -2 + 13. What is the remainder when ((-6)/4)/3*-62 is divided by l?
9
Calculate the remainder when (-5 + 0 - (2 - 13)) + 1160 is divided by 4.
2
Suppose 30*i = 15*i + 375. Calculate the remainder when 187 is divided by i.
12
Suppose -45 = -6*c + 3*c. What is the remainder when (-103*(-8)/(-12))/((-48)/72) is divided by c?
13
Suppose 5*h + 43 = 3. Suppose -l + 5*l - t - 281 = 0, l - 73 = 3*t. What is the remainder when l is divided by (-146)/h - (-4)/(-16)?
16
Calculate the remainder when 2877 is divided by -4 - (-16 - 36/9).
13
Suppose 13*m = 11*m - 2. Let v be (17 - m)*(-3)/6. Let x = 1 - v. Calculate the remainder when 28 is divided by x.
8
Let p = -353 - -399. Calculate the remainder when 179 is divided by p.
41
Let z be (-4)/(-4)*-3 + 6. Sup